 296b6c (base 14) in base 15?
1d6a73
Convert -10222240042 (base 5) to base 6.
-1022132443
Convert 105604454 (base 7) to base 2.
11000101000000011000111
-11011001101000000 (base 2) to base 10
-111424
What is -38a68d (base 15) in base 10?
-2718358
What is -44d4 (base 16) in base 3?
-220011121
What is -11112200112 (base 3) in base 13?
-3192b
What is -101100101100010111 (base 2) in base 13?
-6542a
1dbb19 (base 16) to base 3
10122222202111
2832063 (base 9) to base 15
20b29c
Convert -106458 (base 13) to base 10.
-385224
What is -109429 (base 10) in base 8?
-325565
What is -103022221113 (base 4) in base 12?
-1823733
Convert -10000100011110001111101 (base 2) to base 14.
-80dd37
Convert -3072 (base 9) to base 12.
-1378
Convert -31200302 (base 4) to base 2.
-1101100000110010
-112010003 (base 4) to base 2
-10110000100000011
-96822 (base 12) to base 11
-125985
Convert -102522402 (base 6) to base 11.
-102a690
What is -673c2 (base 14) in base 6?
-5211314
13bc8bb (base 14) to base 15
c997b5
-129353 (base 12) to base 16
-4acaf
Convert 153984 (base 12) to base 2.
1010111101010110100
Convert -39018a (base 11) to base 3.
-1011020211000
13213033 (base 4) to base 16
79cf
Convert -17251461 (base 8) to base 7.
-46106116
What is -40443411 (base 5) in base 2?
-1010000000100101101
Convert 176447 (base 10) to base 3.
22222001002
Convert -321030112 (base 4) to base 8.
-711426
-11221 (base 7) to base 10
-2857
What is -540055 (base 8) in base 3?
-100011021122
Convert 15bc04a (base 14) to base 5.
10213033401
Convert -24476 (base 14) to base 6.
-1522344
Convert -707974 (base 14) to base 9.
-7110171
-43343033 (base 7) to base 6
-211251325
Convert -575163 (base 10) to base 6.
-20154443
Convert 9219564 (base 10) to base 16.
8cadec
Convert -200203303 (base 4) to base 16.
-208f3
Convert -36b899 (base 16) to base 5.
-1404224301
-1ce75d (base 15) to base 9
-2587077
Convert 227425 (base 9) to base 10.
136670
What is -3034003440 (base 5) in base 16?
-5df1c9
31023022001 (base 4) to base 7
41232500
What is -35d05 (base 14) in base 12?
-64141
20625 (base 9) to base 2
11010100111111
What is 34034524 (base 6) in base 16?
fbcd4
Convert 761935 (base 10) to base 9.
1381154
What is 427100 (base 9) in base 7?
2106663
Convert -5048084 (base 9) to base 5.
-1142024412
What is -230502 (base 6) in base 7?
-111131
-1000100101000001101 (base 2) to base 8
-1045015
What is -3102ab (base 13) in base 11?
-710768
1110101011100100 (base 2) to base 5
3411012
What is -261693 (base 11) in base 13?
-115767
-183284 (base 12) to base 2
-1100110100111000100
What is 212120021 (base 3) in base 11?
119a8
67269 (base 10) to base 4
100123011
Convert 1332312313 (base 4) to base 8.
1766667
What is -215681 (base 9) in base 3?
-20112202201
-770635 (base 8) to base 12
-1056a5
What is 18787aa (base 11) in base 4?
30012322313
-4350400 (base 6) to base 7
-1561263
What is -102220211121 (base 3) in base 9?
-386747
Convert 21737 (base 14) to base 13.
2ab37
-10440133 (base 5) to base 14
-25d4c
What is -2c758 (base 14) in base 7?
-642141
Convert -1000100000100100111110 (base 2) to base 3.
-11012022210110
43958 (base 14) to base 16
27f9a
-1311201322 (base 4) to base 6
-14152414
What is 1112312330 (base 5) in base 9?
4564213
-133c8 (base 13) to base 8
-105757
Convert 60841 (base 12) to base 15.
27347
What is 3ed6c7 (base 15) in base 5?
1234013122
Convert -a1915 (base 15) to base 11.
-31a475
54a78 (base 11) to base 16
137d0
-35aa45 (base 12) to base 9
-1563868
12152100 (base 7) to base 11
6837a4
-cb956 (base 15) to base 14
-12b991
What is -3411001 (base 9) in base 10?
-1837810
Convert 112022021101 (base 3) to base 11.
182624
10882330 (base 9) to base 8
24202211
What is 4040967 (base 10) in base 16?
3da907
What is 13882 (base 9) in base 14?
3646
-10101211211211 (base 3) to base 11
-1025261
What is 230143553 (base 6) in base 11?
2418204
What is 132143031 (base 6) in base 4?
22001030323
What is 420600 (base 7) in base 11?
4a37a
Convert 223322101 (base 4) to base 13.
63b32
What is -594684 (base 14) in base 11?
-17a13a0
Convert -1033352 (base 7) to base 2.
-11110110001110001
What is -766577 (base 10) in base 15?
-102202
What is -b664b (base 15) in base 16?
-8d3f2
Convert -63468 (base 11) to base 12.
-45579
What is -4401204 (base 6) in base 4?
-311032210
What is ac2a (base 15) in base 4?
20322022
75bd0 (base 14) to base 3
112110220110
21001120030 (base 4) to base 8
11013014
Convert -331b6 (base 16) to base 6.
-4253050
What is 33619 (base 10) in base 15?
9e64
Convert 14611132 (base 7) to base 11.
875205
30200012203 (base 4) to base 6
154124151
What is -104300015 (base 6) in base 5?
-440431304
What is -30a99 (base 13) in base 4?
-111113023
Convert -100222211102011 (base 3) to base 13.
-113c557
-101111010101011000110 (base 2) to base 14
-2c5370
aa5919 (base 13) to base 12
1415278
Convert 55851b (base 15) to base 3.
21200012011122
Convert 1935910 (base 10) to base 5.
443422120
Convert -1021202002120 (base 3) to base 2.
-10100110111101011111
Convert -21938b (base 12) to base 13.
-159389
-358303 (base 9) to base 15
-44020
5049688 (base 10) to base 13
107a5a7
What is 122131222 (base 4) in base 6?
2153454
Convert 2375156 (base 9) to base 13.
362073
Convert 1021102201121 (base 3) to base 6.
22305454
What is 2234013210 (base 5) in base 10?
4985430
Convert -2517327 (base 9) to base 4.
-11032133023
What is -12020310 (base 4) in base 2?
-110001000110100
-3a6aa (base 13) to base 10
-108807
Convert 267746 (base 9) to base 15.
33536
Convert 110111011001100111111 (base 2) to base 8.
6731477
-1000101111101000000001 (base 2) to base 14
-439505
-18b96 (base 13) to base 3
-2110000012
What is 498272a (base 12) in base 13?
2c874a3
Convert 626ba8 (base 12) to base 10.
1546544
What is 1021121121 (base 4) in base 14?
7b7bb
Convert -5320532 (base 6) to base 16.
-3f548
What is 3565301 (base 7) in base 13?
12b3c6
-198c5 (base 15) to base 4
-110100221
What is -98f0d (base 16) in base 9?
-1154280
Convert -a22d46 (base 14) to base 15.
-72dab5
Convert 283237 (base 15) to base 12.
793521
1383c44 (base 13) to base 8
27442073
2220221113 (base 4) to base 5
134101100
Convert -1000110010110011101 (base 2) to base 14.
-77029
Convert 311302110 (base 4) to base 10.
220308
What is -9e333 (base 16) in base 9?
-1186775
-1075551 (base 11) to base 9
-3476664
455202 (base 6) to base 11
27117
11213103231 (base 4) to base 2
101100111010011101101
Convert -48b87 (base 12) to base 16.
-18097
What is 408522 (base 10) in base 14?
a8c42
Convert 30314 (base 16) to base 3.
101000202222
What is 2101526 (base 7) in base 13?
8b046
11101011011100001 (base 2) to base 6
2330025
-4827207 (base 9) to base 13
-707c71
-345002c (base 13) to base 4
-331130232122
What is 55151312 (base 6) in base 8?
6221674
-12134044 (base 5) to base 9
-184545
Convert -12111002102010 (base 3) to base 5.
-1221233332
Convert 111220120 (base 3) to base 14.
39a4
Convert 1111001101110011100 (base 2) to base 14.
cd9b6
What is 36201600 (base 8) in base 7?
124260504
What is -43a6 (base 12) in base 6?
-54330
Convert -2199426 (base 10) to base 8.
-10307602
Convert -101637 (base 10) to base 9.
-164370
Convert 135a6 (base 11) to base 16.
4b9b
Convert -12cbdaa (base 14) to base 11.
-5155291
What is 149083 (base 10) in base 6?
3110111
What is -1111001100220 (base 3) in base 8?
-3003534
What is 5324213 (base 6) in base 8?
774061
-205103311 (base 6) to base 4
-31233022123
Convert -1101110111000100 (base 2) to base 12.
-28a30
What is -12212102221122 (base 3) in base 7?
-35336126
574606 (base 8) to base 7
1441240
What is 1c5ae3 (base 16) in base 14?
3652dd
Convert -260906 (base 10) to base 9.
-436805
Convert -4343314 (base 5) to base 14.
-1d3b4
Convert 402111054 (base 6) to base 9.
13745707
-33020321 (base 4) to base 5
-3441014
Convert 533022 (base 6) to base 11.
2a6a2
Convert -8624 (base 13) to base 4.
-10202330
Convert 104323412 (base 6) to base 2.
111001110001001100000
-22220111020022 (base 3) to base 8
-22035177
What is 266100 (base 10) in base 16?
40f74
Convert -11b2a5 (base 16) to base 10.
-1159845
-112101020 (base 3) to base 4
-2203302
Convert -8bd777 (base 14) to base 4.
-102022223031
-11111000000111000110 (base 2) to base 8
-3700706
What is a6304 (base 16) in base 9?
1246672
Convert 540330 (base 6) to base 16.
ac9e
Convert -23233